reatest common factor of 1222 and 52.
26
Calculate the greatest common divisor of 6 and 26.
2
What is the greatest common divisor of 22 and 2?
2
Calculate the highest common factor of 88 and 11.
11
What is the highest common divisor of 30 and 2874?
6
What is the greatest common divisor of 528 and 48?
48
Calculate the greatest common divisor of 26 and 13.
13
Calculate the greatest common factor of 3390 and 30.
30
Calculate the highest common factor of 215 and 5.
5
What is the greatest common factor of 74 and 2886?
74
Calculate the greatest common factor of 1447 and 1.
1
What is the greatest common divisor of 377 and 559?
13
What is the highest common factor of 2253 and 3?
3
What is the highest common factor of 6708 and 156?
156
What is the highest common divisor of 444 and 8?
4
Calculate the greatest common factor of 880 and 680.
40
What is the highest common divisor of 708 and 60?
12
What is the highest common factor of 124 and 155?
31
Calculate the highest common divisor of 400 and 48.
16
Calculate the highest common divisor of 635 and 625.
5
Calculate the greatest common factor of 2 and 2.
2
What is the highest common divisor of 42 and 336?
42
What is the highest common factor of 112 and 434?
14
What is the highest common factor of 88 and 1468?
4
Calculate the highest common factor of 340 and 425.
85
What is the highest common divisor of 77 and 21329?
77
Calculate the highest common divisor of 1504 and 29704.
376
Calculate the greatest common divisor of 76 and 171.
19
What is the greatest common divisor of 260 and 40?
20
Calculate the highest common divisor of 62 and 992.
62
What is the greatest common divisor of 2653 and 21?
7
Calculate the greatest common divisor of 171 and 207.
9
What is the greatest common divisor of 9028 and 2196?
244
Calculate the greatest common factor of 1312 and 2378.
82
Calculate the highest common factor of 1746 and 90.
18
What is the highest common factor of 980 and 80?
20
Calculate the highest common divisor of 2541 and 363.
363
What is the greatest common divisor of 86 and 10?
2
What is the highest common factor of 649 and 77?
11
Calculate the greatest common divisor of 31 and 8959.
31
Calculate the greatest common divisor of 451 and 41.
41
What is the greatest common factor of 14 and 1582?
14
What is the highest common divisor of 17 and 289?
17
Calculate the greatest common divisor of 240 and 52.
4
What is the greatest common factor of 356 and 623?
89
What is the greatest common factor of 24 and 256?
8
Calculate the greatest common factor of 140 and 140.
140
Calculate the greatest common factor of 74 and 20683.
37
What is the highest common factor of 126 and 137466?
126
What is the greatest common factor of 258 and 54?
6
Calculate the greatest common divisor of 24 and 2316.
12
Calculate the highest common divisor of 4326 and 182.
14
Calculate the greatest common factor of 43559 and 43.
43
Calculate the highest common divisor of 1311 and 1656.
69
What is the greatest common factor of 171 and 18?
9
What is the highest common divisor of 252 and 287?
7
Calculate the greatest common factor of 106 and 159.
53
Calculate the highest common divisor of 387 and 2.
1
What is the greatest common factor of 55 and 528?
11
What is the greatest common divisor of 5745 and 45?
15
Calculate the highest common factor of 465 and 186.
93
What is the highest common divisor of 3776 and 118?
118
Calculate the highest common factor of 36 and 1968.
12
What is the greatest common factor of 153 and 9?
9
Calculate the greatest common factor of 70 and 175.
35
What is the highest common factor of 215 and 40?
5
What is the greatest common divisor of 1100 and 4675?
275
Calculate the greatest common divisor of 20 and 860.
20
What is the greatest common divisor of 51 and 425?
17
What is the greatest common factor of 418 and 22?
22
Calculate the highest common divisor of 10 and 810.
10
Calculate the highest common factor of 91 and 21.
7
Calculate the greatest common factor of 88 and 216.
8
Calculate the greatest common factor of 5726 and 14.
14
Calculate the highest common factor of 5 and 61.
1
What is the greatest common divisor of 24 and 232?
8
What is the greatest common divisor of 8 and 1?
1
What is the greatest common divisor of 29 and 4959?
29
What is the highest common factor of 537 and 6?
3
What is the greatest common divisor of 480 and 15?
15
Calculate the greatest common factor of 7084 and 828.
92
What is the greatest common divisor of 1365 and 70?
35
Calculate the highest common factor of 305 and 244.
61
What is the greatest common factor of 9639 and 238?
119
What is the greatest common factor of 85 and 10370?
85
Calculate the highest common divisor of 84 and 1372.
28
Calculate the highest common divisor of 2316 and 24.
12
Calculate the highest common divisor of 4685 and 40.
5
What is the greatest common factor of 42 and 224?
14
What is the highest common divisor of 8 and 16648?
8
Calculate the greatest common factor of 190 and 30.
10
Calculate the highest common divisor of 160 and 40.
40
What is the highest common divisor of 105 and 189?
21
Calculate the highest common factor of 150 and 125.
25
Calculate the greatest common factor of 17171 and 77.
77
Calculate the highest common divisor of 16077 and 69.
69
What is the highest common divisor of 56 and 72?
8
Calculate the highest common divisor of 90 and 10.
10
Calculate the greatest common factor of 2183 and 118.
59
What is the highest common factor of 1088 and 340?
68
What is the greatest common divisor of 2 and 289?
1
What is the greatest common divisor of 39 and 221?
13
Calculate the greatest common factor of 243 and 27.
27
Calculate the greatest common divisor of 1285 and 20.
5
What is the highest common divisor of 6893 and 113?
113
Calculate the highest common divisor of 17 and 24803.
17
Calculate the greatest common factor of 7152 and 48.
48
Calculate the highest common divisor of 147 and 21.
21
Calculate the greatest common factor of 374 and 153.
17
What is the highest common divisor of 308 and 8?
4
What is the highest common factor of 22 and 275?
11
What is the greatest common factor of 20391 and 21?
21
What is the greatest common divisor of 18 and 1341?
9
Calculate the highest common divisor of 900 and 324.
36
What is the highest common divisor of 187 and 1207?
17
Calculate the highest common divisor of 4118 and 2272.
142
Calculate the greatest common factor of 160 and 416.
32
Calculate the greatest common divisor of 6888 and 123.
123
What is the greatest common factor of 645 and 45?
15
Calculate the highest common divisor of 3224 and 39.
13
What is the highest common divisor of 10 and 970?
10
What is the greatest common factor of 4 and 54?
2
Calculate the greatest common factor of 1557 and 9.
9
What is the greatest common factor of 872 and 28?
4
Calculate the highest common divisor of 748 and 1639.
11
Calculate the greatest common factor of 260 and 2535.
65
What is the greatest common factor of 36 and 450?
18
What is the greatest common factor of 32 and 2500?
4
Calculate the highest common divisor of 140 and 20.
20
Calculate the highest common factor of 10366 and 142.
142
Calculate the greatest common factor of 1653 and 145.
29
What is the highest common factor of 65 and 923?
13
What is the highest common divisor of 16464 and 192?
48
What is the greatest common divisor of 15 and 85?
5
What is the greatest common factor of 35586 and 54?
54
What is the highest common divisor of 1580 and 2212?
316
What is the highest common divisor of 40 and 15136?
8
What is the highest common divisor of 105 and 609?
21
Calculate the highest common factor of 208 and 520.
104
Calculate the highest common divisor of 17253 and 71.
71
Calculate the greatest common factor of 23 and 253.
23
Calculate the highest common divisor of 4 and 20.
4
Calculate the highest common factor of 1781 and 13.
13
Calculate the greatest common factor of 484 and 4.
4
What is the greatest common divisor of 57 and 114?
57
Calculate the highest common divisor of 22 and 109.
1
Calculate the greatest common factor of 500 and 4.
4
Calculate the highest common divisor of 3193 and 412.
103
What is the greatest common divisor of 12 and 4?
4
Calculate the greatest common divisor of 494 and 114.
38
What is the highest common fa